s digit of ((-25)/(-4))/(3/72)?
0
Suppose 0 = s - 32 - 34. What is the units digit of s?
6
Let z(l) = l**2 + 6*l + 6. Let g be z(-4). Let v be ((-6)/(-9))/(g/(-3)). What is the units digit of (28/(-7))/(-3 + v)?
2
Let v(o) = 12*o**2 - o - 2. Let z be v(-3). Suppose p - 86 = -3*p + d, 2*d = 5*p - z. What is the units digit of p?
1
Let z(t) = t**2 - 8*t - 13. Suppose 0 = 3*s - 3*a - 12, 3*s - 12 = -0*a - 5*a. Suppose -k - s = -3*b - 8, 0 = 2*k - 3*b - 14. What is the units digit of z(k)?
7
Suppose -7 = -2*d + 3*a, -2*a - 3*a - 15 = 0. Let f = d + 2. Let g = f + 2. What is the units digit of g?
3
Suppose -7*d + 2*d = -375. What is the units digit of d?
5
Let h(i) be the third derivative of i**6/120 - i**5/20 + i**4/24 - 2*i**3/3 + 3*i**2. Let z be h(4). Suppose -7*q + z = -3*q. What is the units digit of q?
4
Let f be (-2 - 6*6)*-1. Let s = 54 - f. What is the tens digit of s?
1
Let m be (-8)/(-28) + 38/14. Suppose 0 = -m*k + 4*j + 22, j + 10 = -3*k - 3*j. Suppose 3*r - 25 = -k*h, h = 5*r - r - 48. What is the tens digit of r?
1
Let h be (-6)/21 + 24/(-14). Let r be -3 - ((-6)/(-10))/(5/(-25)). What is the units digit of (-1)/(r - h/(-10))?
5
Suppose 8*g = 4*h + 3*g - 99, h - 2*g = 24. What is the tens digit of h?
2
Let l = 15 - -19. What is the units digit of l?
4
Suppose -5*h + 0*h = 4*v - 5, 4*v - 4*h = -4. Let x(j) = -j + 6. Let p be x(v). Suppose l = 3*l - p. What is the units digit of l?
3
Let c(t) = -t**2 + 7*t + 1. Suppose -3*l + 10 = -l. What is the tens digit of c(l)?
1
Let y(d) = d**3 + 6*d**2 - 8*d - 3. Let t(c) = c - 12. Let n(h) = -h**2 + 7*h - 5. Let b be n(5). Let s be t(b). What is the units digit of y(s)?
4
Let n = -4 - 0. Suppose -i = 4*m - 27, m = -0*m + 4*i - 6. Let c = m + n. What is the units digit of c?
2
Let j = -57 + 97. What is the units digit of j?
0
What is the tens digit of (7/15 + 2/6)*145?
1
Let v(i) = 12*i - 3. Let w be v(1). Suppose 0 = z - w - 4. What is the units digit of z?
3
Suppose -3*c = -4*k + 21, -k + c = 6*c + 12. Suppose -2*h = 2*d + 3*d - 17, k*d = 4*h - 99. What is the tens digit of h?
2
Let f = -15 + 84. What is the units digit of f?
9
Suppose h - 6*h + 200 = 0. What is the tens digit of h?
4
Let p be 4/(-10)*-5*-1. What is the units digit of (-2 - p)/2 + 35?
5
Suppose 0 = 2*h - 9*h + 84. What is the units digit of h?
2
What is the tens digit of -1 + (2 - -32) - 3?
3
Let x = 144 + 49. What is the hundreds digit of x?
1
Let u = -85 + 209. What is the tens digit of u?
2
Let p(x) = x**3 + 7*x**2 - 10*x - 10. Let v = 7 - 1. Let u be (-44)/6 + (-4)/v. What is the units digit of p(u)?
6
Let z be 3/(-4) - 46/(-8). Suppose -55 = -z*l - 5*y, l + 5*y = -3*l + 44. What is the tens digit of l?
1
Let l = -18 + 35. What is the tens digit of l?
1
Suppose -4*i = -3*i - 7. Suppose -6*s = -i*s + 33. What is the units digit of s?
3
Let x be ((-90)/(-35))/(1/7). Let h = 37 - x. What is the units digit of h?
9
Suppose 0 = -f + 5*q + 22, 4*f - 10 - 15 = -q. Let t(o) = 3*o**2 + 9*o - 8 - o**3 + 7*o**2 - 4*o**2. What is the units digit of t(f)?
6
Suppose 5*i = -5*z + 70, -2*i = -3*z + 3*i + 34. What is the units digit of z?
3
Let l(z) = -9*z - 43. What is the tens digit of l(-6)?
1
Suppose -j = 5*f - 135, -2*f + f + 23 = j. What is the units digit of f?
8
What is the tens digit of 4/(-8) - 1281/(-6)?
1
What is the units digit of 219 + (-9)/(-3) + -2 + -4?
6
Suppose -3 = -j + 5. Suppose 5*u - u = j. Suppose 15 = k - u*o, 0 = k - 5*o - 10 + 1. What is the units digit of k?
9
Let v = 8 + -6. Let h be -2 + 9 + (4 - v). Suppose m + h = 4*m. What is the units digit of m?
3
Suppose -15 = -3*i - 2*w, 3*i = i + 3*w - 3. Suppose 4*k - 21 = i*z, -k + 3*z + 12 = -0. Suppose 0 = k*h - 0*h - 15. What is the units digit of h?
5
Suppose 225 = a + 2*a. Suppose -5*f + a = -0*f. What is the units digit of (-9)/f + 86/10?
8
What is the tens digit of -51*(15/(-3) - -4)?
5
Let u(n) = -n**3 - 6*n**2 - 6*n - 1. Suppose -3 = 2*i + 7. What is the units digit of u(i)?
4
Suppose 0 = -5*z + 15 + 10. Suppose -z*l + 68 = -22. What is the units digit of l?
8
Let j be ((-1)/(-2))/(2/24). Let a = 4 - j. Let i(h) = -2*h**3 - h**2 - 2. What is the units digit of i(a)?
0
Let i(l) be the second derivative of -l**3/2 - 3*l**2/2 + l. What is the units digit of i(-3)?
6
Let f(a) = 3*a + a + 3 - 1. Let l be f(3). Let s = -8 + l. What is the units digit of s?
6
Let f = -5 + -2. Let m be (-2)/7 + 300/21. Let x = f + m. What is the units digit of x?
7
Suppose 0 = -2*b - 3*m + 123, b - 2*m + 3*m = 59. What is the tens digit of b?
5
Let k be -1 + 2*2/4. Suppose k = -h - 5*a + 33, 5*a = 3*h + 4*a - 35. What is the units digit of h?
3
Let r(s) = -s**2 - 11*s - 8. Let k be r(-9). Suppose 0*c + 4*x + 9 = c, -2*c + k = -4*x. What is the units digit of 0 + c*(4 - 3)?
1
Let g = -12 + 14. Suppose 0 = -2*i + g*b + 38, 2*i - 30 = 5*b + 14. What is the units digit of i?
7
Let d be (-8)/(10/(-2) + 3). Let b(t) = 3 + t**3 - d*t + 3*t**2 + 4*t - 3*t. What is the units digit of b(-3)?
2
Let t(q) = -5*q - 3. Let n be t(-7). Let k be n/14 + (-12)/42. Suppose -w = -u + 3, u + k*w - 6 = -0*u. What is the units digit of u?
4
Suppose -15 = -4*d - d. Suppose 41 - 133 = -4*p - 3*r, -r - 69 = -d*p. What is the tens digit of p?
2
Let o(y) = -y**3 - 4*y**2 + 2*y - 6. Let x = 17 + -22. What is the units digit of o(x)?
9
Suppose 153 = 4*v - 151. What is the units digit of 2/(-6) - v/(-12)?
6
Let r be 2/7 - (-10)/14. Suppose 4*g = r + 7. What is the units digit of 0/2 - g - -8?
6
Let l(w) = -5*w**3 + 6*w**2 + 5*w - 2. Let i(k) = k**3 - k**2 - k + 1. Let j(y) = 6*i(y) + l(y). What is the units digit of j(0)?
4
Let t be -15*4/(-6) + 2. Suppose 2*z - 12 = t. What is the tens digit of z?
1
Let w(r) = r + 4. Let z be (0 - 0)*2/(-6). What is the units digit of w(z)?
4
Let g = 96 + -53. What is the tens digit of g?
4
Suppose 13*m = 5*m + 1688. What is the tens digit of m?
1
Let v(z) = 68*z**2 + z. Let f be v(1). What is the units digit of f/4 + 5/(-20)?
7
Let y(l) = l**3 + 8*l**2 - 13*l - 10. Let a be y(-9). Suppose 2*g + 0*g - f - a = 0, -g = 2*f - 18. What is the units digit of g?
4
Let d = -1 + -5. Let o be (d/(-5))/((-6)/30). What is the units digit of (0 - o/(-3)) + 7?
5
Let s(j) = j**2 + 2*j - 6. Let h be s(-8). What is the tens digit of 1/(87/h - 2)?
1
Let g(i) = -i**2 + 8*i - 1. Let b be g(8). Let p be b/((-2)/(-6)) + 0. What is the units digit of (-12)/p + 4 + -2?
6
Let j = -49 + 223. What is the units digit of j?
4
Let h(j) = -j**2 - 14*j - 10. What is the tens digit of h(-8)?
3
Suppose -3*o + 20 - 85 = -w, 5*o = w - 65. Suppose -y + n + w = 3*y, 50 = 4*y + 2*n. What is the units digit of 216/y + 4/(-10)?
4
Suppose 0 = 26*y - 23*y - 96. What is the tens digit of y?
3
Let b = -8 + 15. Suppose -o + b - 2 = 0. What is the units digit of o?
5
Let q(p) = p**3 + 7*p**2 + p - 5. What is the tens digit of q(-6)?
2
Let i be (2 + -2)/(-2 - 0). Suppose 3*q - 5*o = -i - 15, -4*q - 4*o - 52 = 0. What is the units digit of (q/(-15))/(2/3)?
1
Let o = -185 + 360. What is the units digit of o?
5
Let z(y) = 10*y. Suppose -3 = -a - 1. Let j be z(a). Suppose -q + 3*q = j. What is the tens digit of q?
1
Let s(k) = -k - 10. Let v be s(-7). Let b be (54/(-8))/(v/8). Let t = -11 + b. What is the units digit of t?
7
Suppose 0 = 3*z - 5 - 4. Let c(x) = 1 - x**3 - z + 3*x + 3. What is the units digit of c(-2)?
3
Let s(x) = x + 3. What is the units digit of s(3)?
6
Let x(c) = c. Let f(m) = -2*m. Let t(w) = -f(w) - 4*x(w). Let g = 6 - 8. What is the units digit of t(g)?
4
Let y be -3 + (3 - 0) + 0. Suppose -5*p + 6 - 1 = y. What is the units digit of p?
1
Let c = 110 + -30. What is the units digit of c?
0
Suppose -3*u + 154 = 25. Suppose b - 3*n - 14 = 11, -3*b + u = -n. What is the units digit of b?
3
Let l = 227 - 158. What is the units digit of l?
9
Let g(d) = -11*d + 6. What is the units digit of g(-8)?
4
Let j = 23 - -13. What is the tens digit of j?
3
Suppose 2*o = -1 + 49. What is the units digit of o?
4
What is the tens digit of 9/6 - 1492/(-8)?
8
Suppose 3*v - 43 = -2*l, -v = -4*l - 0*v + 107. What is the tens digit of l?
2
Suppose -2*z - 12 = -0*z. Let l(a) = -2*a + 0 - 7 - 2. What is the units digit of l(z)?
3
What is the units digit of 9/36 - (2 + 318/(-8))?
8
Suppose -3*n - 3*s + 51 = 0, 5*s + 32 = 3*n + 1